 - t + 9, -2*t + 4 + 2 = 3*f. Let j(b) = b**2 - 5*b + f*b - 12 + 12*b. Let m be j(-12). Let g(v) = -v**3 + v + 11. Give g(m).
11
Suppose -5*y + 16 = -19. Let p be y - (-4 + 7 - -1). Let l(q) = 6 - 2*q - 2*q + 6*q - p*q. Determine l(3).
3
Suppose -2*r + 2 = -0. Let v(m) = 8*m**3 + 7*m**2 - 5*m - 1. Let f(q) = 7*q**3 + 6*q**2 - 4*q - 1. Let o(y) = 5*f(y) - 4*v(y). Give o(r).
4
Let h(v) = -v - 9. Suppose -2*r + 4 + 3 = 5*l, 0 = -4*l + 4*r + 28. Suppose 8 = -3*a - q + 97, 0 = -3*q - l. Suppose 0 = -2*u + a - 46. What is h(u)?
-1
Let j(k) = -7*k**3 + 8*k + 1. Let y(a) = 7*a**3 - 10*a - 1. Let i(m) = -5*j(m) - 4*y(m). Determine i(1).
6
Let r = -19 - -12. Let x(z) = 1. Let u(m) = 3*m. Let y(f) = u(f) + 2*x(f). Let k(w) = 2*w + 1. Let s(p) = r*k(p) + 5*y(p). Give s(-4).
-1
Let q(i) = 6*i - 105. Let b be q(15). Let h(z) = z**2 + 16*z + 18. Calculate h(b).
3
Let v(c) be the second derivative of 0*c**2 - 1/12*c**4 + 0 + 8*c - 3/2*c**3 + 1/24*c**5. Let g(j) be the second derivative of v(j). Give g(3).
13
Let t(l) be the third derivative of -17*l**2 + 0*l**5 + 0*l - 1/6*l**3 + 0 + 1/40*l**6 + 1/12*l**4. Determine t(1).
4
Let d(t) = -3*t**2 - 19*t - 8. Let c be d(-5). Let m(k) = k**2 - 9*k - 7. What is m(c)?
29
Suppose -20*a = -6*a - 28. Let c(k) = -6*k - 3*k**2 - 2*k + 4*k**a - 8 + 6*k. Calculate c(6).
16
Let i(g) = 12 + g + 12 + 7 - 12. Determine i(-10).
9
Let y(t) = -2*t + t**2 + 1 + t - 6. Let i(d) = -d**2 - 44*d - 340. Let r be i(-34). Calculate y(r).
-5
Suppose -3*v = 6*s - 5*s + 60, -2*v = 3*s + 47. Let t = 3 - 27. Let i = t - v. Let r(d) = -d**2 - 5*d - 6. Calculate r(i).
-6
Let g(q) = q + 10. Let c be (-4 - -1) + 180/10. Suppose 21 = -2*t - 3*s, 0 = 2*t + 2*s - s + c. Calculate g(t).
4
Let d(k) = -10 + 14*k - 1 + 14 + 2*k**2 + 9 - 10. Calculate d(-10).
62
Let v(t) be the third derivative of -7*t**6/120 + t**5/30 - t**4/24 - t**2. Suppose -105 + 110 = 5*l. Give v(l).
-6
Let l(t) be the third derivative of -t**4/8 - 4*t**3/3 - t**2 + 201*t. What is l(-7)?
13
Let r(g) = 27*g - 90*g + 30*g + 32*g. Suppose -3*l - 33 = -4*b, 2*b + 0*l - 20 = -2*l. Suppose 5*p = -1 - b. Calculate r(p).
2
Let i(m) = -2*m - 17. Let u be i(-12). Let a(o) = 3*o**3 + 3*o**2 + 3*o. Let s(l) = -10*l**3 - 8*l**2 - 9*l. Let h(f) = u*a(f) + 2*s(f). Calculate h(-4).
4
Let q(l) = -3*l**3 - 2*l**2 + 3*l + 7. Let z be 2/(-1) + 5 + -1. Let s(i) = i**3 + i**2 - i - 4. Let n(f) = z*q(f) + 5*s(f). What is n(0)?
-6
Let p(x) = -x**3 - 5*x**2 - 5*x + 2. Suppose 3*d = -n - 8, 2*d + 5*n - 27 = -15. Calculate p(d).
6
Suppose 5*a - 18 = 12. Let m(d) = d - 13. Let h(f) = -f + 14. Let p be 3/(-6) + (-30)/(-4). Let u(k) = a*h(k) + p*m(k). Calculate u(3).
-4
Suppose -2*f - 51 = 5*j - 44, j = 5*f - 23. Let a(o) be the second derivative of f*o + 0 + 17/6*o**3 - 1/2*o**2. Determine a(1).
16
Let w be 4/4*(13 - 10). Let s(a) = -a**3 + 2*a**2 - a - 4. What is s(w)?
-16
Suppose 2*o - 45 = -5*m, -5*m + m - 3*o = -43. Let l(t) = 4 + 4 - 4 - t**3 - 2 + m*t**2 - 7*t. What is l(6)?
-4
Let s(z) = -z**3 + 6*z**2 + 6*z + 2. Let h be s(7). Let x(b) = -2*b**2 + 5*b + 2. Let a(w) = w**2 - 4*w + 1. Let p(i) = 3*a(i) + 2*x(i). Give p(h).
-8
Let g(l) be the second derivative of -4/3*l**3 + 4*l**2 + 0 + 1/12*l**4 - l. What is g(6)?
-4
Let x(d) = -158 + 3*d - d + 155. Let l(n) = n. Let i(w) = 3*l(w) - x(w). Calculate i(-2).
1
Let p(r) be the first derivative of -2*r + 1/4*r**4 - 7 + r**2 - r**3. Give p(3).
4
Let x(a) = -10*a**2 + 26*a**2 - 10 + 113*a**3 - 10*a**2 - 4*a - 114*a**3. Calculate x(3).
5
Suppose 16*t - 17*t = 4. Let v(s) = s**3 + 5*s**2 + 3*s. Calculate v(t).
4
Let d(t) = 3*t**2 - 1. Let x be (-77)/(-5) + (-2)/5. Suppose 4*m + x = -m. Let n be (-4)/m - (-1)/(-3). Calculate d(n).
2
Let d(t) = 5*t**3 + 10*t**2 + 3*t + 9. Let k(i) = 14*i**3 + 29*i**2 + 9*i + 26. Let q(p) = 17*d(p) - 6*k(p). What is q(3)?
-21
Let o(f) = -f**3 + 6*f**2 - 7*f + 9. Let h(t) = 2*t**3 + 11*t**2 - 5*t + 12. Let n be h(-6). Calculate o(n).
-33
Let b(u) = 4*u**2 - 2*u**2 - u**3 + 130 + u + 5*u**2 - 3*u - 148. Calculate b(6).
6
Let k(n) be the second derivative of n**6/720 - 7*n**5/60 - 11*n**4/12 - 13*n. Let w(b) be the third derivative of k(b). Give w(0).
-14
Let n be (-3)/1 + -2 + 4. Let y = 7 - 8. Let p be (-3 - (y - 1))/n. Let c(k) = -2*k**2 - 1. Calculate c(p).
-3
Let r(a) be the second derivative of a**3/6 + 3*a**2/2 - a. Let q(m) = -19*m - 660. Let u be q(-35). What is r(u)?
8
Let s(r) = 42 + 42 - 82 - 8*r. Calculate s(1).
-6
Let v(c) = c - 4 + 0*c + 0 + 9. Suppose 2*x + 3*y - 15 = 5*x, -2*x = 2*y + 2. Give v(x).
2
Let g(f) = -2*f**3 - f - 1. Let a = 7 - 3. Let x be (-1)/(a - 111/27). Let v = x - 10. What is g(v)?
2
Let k(x) = 54*x - 29*x - 4 - 19*x. Calculate k(4).
20
Let a(i) be the second derivative of i**5/20 + i**4/3 - 2*i**3/3 + 6*i**2 + 184*i. Determine a(-5).
7
Suppose 0 = -5*d + 8*d - 6. Let a(h) = -h**3 + 5 - 5 + 10*h + 7 - 8*h**d. Determine a(-9).
-2
Let f = -14 + 15. Let b be f/2 - (-56)/16. Suppose 4*n - 2*i + 7*i - 2 = 0, 4*n + 4*i = b. Let j(a) = -a**3 + 2*a**2 - 2*a + 3. What is j(n)?
-12
Suppose 0 = 5*j - 3*t - 8, -2*j + 2 + 2 = -t. Let w(x) = -x**2 - 3*x + 4. What is w(j)?
-24
Let i(w) be the first derivative of -w**4/4 + 14*w**3/3 - w**2/2 + 9*w + 11. Let z be i(14). Let q(d) = -4*d - 2. Give q(z).
18
Let g(s) be the first derivative of -s**2 - 17 + 1/4*s**4 - 3*s + 2/3*s**3. Give g(-3).
-6
Let m(t) = t**2 + 6*t - 10. Let g be -10 + -2 + 2 + 1. What is m(g)?
17
Let y(z) = -z. Let s(h) = -h**2 + 4*h + 1. Let g(j) = s(j) + 3*y(j). Let l = -4 + 5. Give g(l).
1
Suppose 5*a + 37 = -18*k + 19*k, 2*a - 5*k + 1 = 0. Let q(x) = 3*x + 3. Let l be q(-2). Let v = l - a. Let c(j) = 3*j - 4. Give c(v).
11
Let p(d) = -13*d - 2*d**2 - 2*d**2 - 9 + 6*d**2 - d**2. What is p(13)?
-9
Let c(u) be the third derivative of u**6/120 + u**5/30 - u**4/8 + u**3/3 - u**2 - u. Let v be (-2 - 6)*4/8. Determine c(v).
-18
Suppose 5*m - 103 = -113. Let d(y) = 3 - 4 + 2*y - 3*y. Calculate d(m).
1
Let j(l) = 2*l**3 + l**3 - 2*l**2 - 7 - l + 7. Give j(-1).
-4
Let r(x) = -11*x**3 - 2*x**2 + 1. Suppose 0 = -5*w - 6 + 26, 0 = -4*v + 5*w - 8. Suppose v = -5*u + 2*u. Calculate r(u).
10
Let y(f) = f**3 - 5*f**2 - 6*f + 7. Let p(j) = 3*j**3 - j**2. Let q be p(1). Let r = 1 + q. Suppose 0 = -5*m + 3*a + 15, a + 6 = r*m - 7. Determine y(m).
7
Let f(x) = 2*x - 1 - 1 - 1. Let o = 32 + -34. Let p = o - -4. Determine f(p).
1
Let r(i) be the second derivative of -i**3 + 219*i. What is r(3)?
-18
Suppose -17 = -5*s + 4*s - h, -53 = -3*s - 4*h. Let v(j) = s*j**2 + 1 - 3*j + j**3 - 2*j**2 - 10*j**2. Calculate v(-3).
10
Suppose -4*y = -5*i + 7, -3*i - 7 = -3*y - 13. Let x(j) = 8*j - 7. Calculate x(y).
-31
Let p(v) = -v**3 - 6*v**2 + 6*v - 3. Let l(n) = 2*n + 1. Let q(i) = 2*i + 1. Let z(a) = 4*l(a) - 5*q(a). Let f = 99 + -96. Let j be z(f). Determine p(j).
4
Let i(b) = -b + 6. Let j = 587 + -579. Determine i(j).
-2
Let s be (-2)/(-4) + (-10)/20. Let j(a) = s*a + 4*a - a. Let r be j(-1). Let d(w) = -w - 3. Determine d(r).
0
Let i(y) = y + 12. Let s(r) = -r - 1. Let u(w) = i(w) + 2*s(w). Let d be u(6). Let a(m) = 5*m**2 + 3*m**3 + 1 - 5 - 4*m**3 - 3*m - m. What is a(d)?
-4
Let q(x) = x**3 + 4*x**2 - 3*x - 5. Let f(s) = -4*s - 104. Let o be f(-25). Determine q(o).
7
Let x(w) = 4*w**2 + 3*w**2 - 8*w**2 + 3 - 2. Let y(a) = 2*a - 5. Let p be y(4). Determine x(p).
-8
Let g(h) be the third derivative of -h**4/6 + 19*h**3/6 + 240*h**2. Calculate g(6).
-5
Let z(c) = c**2 - 4*c - 4. Let g = 31 + -29. Let q be g + 4/(-4 - -6). Give z(q).
-4
Suppose 47 + 33 = 5*j. Let m(g) = -9*g**2 + 0*g + g**3 - 6*g - 8 + j*g. Determine m(8).
8
Let h(g) = -15*g**2 - 1. Let s be h(1). Let p be s/(-12) - (-2)/(-6). Let q(r) = 2*r**2 - 1. Give q(p).
1
Let q be ((-9)/2)/3 - (7 + -9). Let m(j) be the first derivative of -1/2*j**2 + 0*j**3 - q*j**4 - 6 + 0*j. What is m(1)?
-3
Let s(n) = 5*n - 2. Let w(m) = 28*m - 9. Let v(b) = -11*s(b) + 2*w(b). What is v(3)?
7
Let o(h) be the third derivative of 1/60*h**5 - 1/2*h**3 + 0*h + 0 - 9*h**2 + 1/360*h**6 - 1/8*h**4. Let i(f) be the first derivative of o(f). Determine i(-3).
0
Suppose -3*z + 3*t + 9 = 0, 2*z + 5*t - 10*t = 21. Let c(i) = i**3 + i**2 - 2*i + 1. Determine c(z).
1
Let o be 18/42 - 6/(210/(-125)). Let p(x) be the second derivative of -1/10*x*